1302*c - 10304. Determine z(-8).
112
Let p(n) = -740*n + 25497. Calculate p(32).
1817
Let f(t) = -t**3 - 26*t**2 + 172*t + 460. What is f(-31)?
-67
Let a(x) = -13*x**2 + 2582*x - 3994. Calculate a(197).
143
Let z(m) = 8*m**2 + 1256*m - 3781. Determine z(3).
59
Let i(y) = 2*y**3 - 1368*y**2 + 16104*y + 296. Determine i(12).
8
Let w(t) = -391*t - 5480. Calculate w(-14).
-6
Let d(u) = -7074*u - 445430. Give d(-63).
232
Let f(c) = -c**2 - 3079*c + 1310589. Give f(379).
7
Let x(s) = 144744*s + 289381. What is x(-2)?
-107
Let i(z) = -z**2 - 133471*z - 3602979. Calculate i(-27).
9
Let l(h) = 29*h**3 + 23*h**2 + 465*h + 445. Calculate l(-1).
-26
Let i(f) = f**3 + 47*f**2 + 393*f - 784. What is i(-14)?
182
Let o(q) = -q**3 - 740*q**2 + 1330*q + 436452. Calculate o(-741).
3
Let n(b) = -b**3 - 8*b**2 + 204*b - 675. What is n(6)?
45
Let f(h) = 40806*h + 204122. Calculate f(-5).
92
Let t(w) = 2775*w + 19349. Determine t(-7).
-76
Let f(t) = 5*t**2 + 92*t + 271. Give f(-15).
16
Let y(q) = -12*q**2 + 998*q + 12247. What is y(-12)?
-1457
Let j(x) = -655*x + 16310. What is j(25)?
-65
Let p(s) = 6*s**3 + 1108*s**2 - 370*s - 8. Determine p(-185).
-8
Let j(z) = -2*z**2 - 17087*z - 357997. Determine j(-21).
-52
Let k(y) = 63*y**2 - 267*y - 33. What is k(5)?
207
Let s(c) = -271*c**2 + 1287*c - 2. Give s(5).
-342
Let p(r) = 12*r + 618. What is p(-7)?
534
Let c(r) = 843*r - 403825. Give c(479).
-28
Let g(b) = b**3 + 492*b**2 + 381*b + 187462. Calculate g(-492).
10
Let x(b) = -4*b**3 + 52*b**2 + 33*b + 34. What is x(14)?
-288
Let q(v) = -119*v**2 + 6219*v - 19014. Give q(49).
-2
Let y(p) = -129*p**2 - 3907*p + 2919. Give y(-31).
67
Let j(d) = -1083*d - 13289. Determine j(-13).
790
Let k(y) = -y**3 - 525*y**2 - 558*y - 17823. Calculate k(-524).
-7
Let i(k) = 3*k**3 + 754*k**2 - 555*k - 12866. Determine i(-252).
-14
Let t(o) = 22*o**2 - 296*o - 74. Determine t(18).
1726
Let z(l) = l**3 - 80*l**2 - 787*l - 12. Calculate z(-10).
-1142
Let t(x) = -34*x**2 - 103*x + 560. Calculate t(-4).
428
Let m(i) = -262*i + 1277. What is m(14)?
-2391
Let z(m) = 2740*m + 46567. Determine z(-17).
-13
Let s(y) = -24*y**2 - 1109*y + 19676. Calculate s(18).
-8062
Let z(u) = -4622*u - 226334. Calculate z(-49).
144
Let g(o) = -2*o**3 + 49*o**2 - 60*o - 1703. Determine g(21).
124
Let a(b) = 2*b**3 + 501*b**2 + 6187*b - 13. Calculate a(-13).
-169
Let b(w) = -w**2 + 11466*w + 425610. Give b(-37).
-1
Let n(c) = 45359*c - 5170912. Calculate n(114).
14
Let o(f) = 519*f + 19912. Determine o(-38).
190
Let l(a) = 2452636*a + 4905284. Give l(-2).
12
Let i(v) = 6*v**3 + 593*v**2 - 48*v + 1537. What is i(-99)?
-3512
Let u(g) = g**3 - 4143*g**2 + 12437*g - 46. Determine u(3).
5
Let w(r) = r**3 + 61*r**2 + 430*r + 38. Give w(-7).
-326
Let g(k) = 7*k**3 + 1086*k**2 - 5442*k - 332. Give g(-160).
-12
Let b(a) = 122*a + 2843. Calculate b(-26).
-329
Let g(v) = 1885*v**2 - 118773*v + 1138. Calculate g(63).
4
Let x(k) = -2*k**3 - 55*k**2 + 565*k. Give x(8).
-24
Let y(z) = 157231*z - 11949528. Calculate y(76).
28
Let g(l) = -2706*l - 51554. Give g(-19).
-140
Let h(g) = 2*g**3 + 74*g**2 - 672*g - 383. Give h(8).
1
Let u(f) = 6051*f - 6406. Give u(1).
-355
Let b(n) = 2*n**3 - 1159*n**2 + 5100*n + 43107. What is b(575)?
-18
Let o(l) = -2*l**2 - 1206*l + 35498. Calculate o(-631).
162
Let q(r) = 17437*r + 52307. Give q(-3).
-4
Let m(v) = -2831*v + 45313. Calculate m(16).
17
Let w(t) = -t**3 + 37*t**2 - 287*t - 320. Determine w(25).
5
Let i(v) = -80*v**2 + 263*v - 78. Determine i(2).
128
Let q(z) = 2318*z - 1789478. Give q(772).
18
Let d(c) = -224*c + 10183. Give d(45).
103
Let u(q) = -q**3 + 127*q**2 - 3455*q - 84. Calculate u(88).
-2108
Let t(k) = 34*k - 1732. Give t(32).
-644
Let v(o) = o**3 + 23*o**2 + 214*o + 1913. Give v(-17).
9
Let l(c) = 38*c**3 - 6650*c**2 + 426*c - 74554. Calculate l(175).
-4
Let i(b) = 13*b**3 - 517*b**2 + 387*b + 130. Calculate i(39).
13
Let l(q) = -q**3 + 35*q**2 - 124*q + 66. Determine l(31).
66
Let w(k) = 2*k**2 + 234*k - 2387. Calculate w(-95).
-6567
Let q(c) = 36*c**2 - 13037*c + 27720. Calculate q(360).
0
Let d(g) = 39694*g + 79390. Give d(-2).
2
Let j(f) = f**3 + 168*f**2 + 120*f + 20291. Calculate j(-168).
131
Let i(q) = q**2 + 4082*q - 77875. What is i(19)?
44
Let z(v) = -3*v**2 + 1748*v - 196956. Determine z(430).
-16
Let z(g) = -g**3 - 34*g**2 - 281*g - 298. Calculate z(-21).
-130
Let z(p) = -9*p**3 + 394*p**2 + 91*p - 148. What is z(44)?
-16
Let y(r) = -18*r**2 + 99*r - 185. Give y(2).
-59
Let f(d) = -12491*d - 149885. Give f(-12).
7
Let j(m) = -1478*m**2 - 291*m - 297. What is j(-1)?
-1484
Let p(x) = -x**3 + 196*x**2 - 406*x - 104836. Calculate p(191).
23
Let g(x) = 330*x**2 + 17472*x - 923. Give g(-53).
31
Let k(l) = -l**2 - 55*l + 886. Give k(-71).
-250
Let p(c) = -2*c**3 + 119*c**2 + 2776*c - 167299. What is p(59)?
-34
Let s(v) = 17*v**2 + 3336*v + 4100. Calculate s(-195).
5
Let u(p) = -3*p**2 + 2680*p + 40804. Calculate u(-15).
-71
Let m(p) = 21513*p + 129047. What is m(-6)?
-31
Let r(c) = -22558*c + 112110. What is r(5)?
-680
Let j(v) = 8372*v + 1389756. What is j(-166)?
4
Let d(f) = -3*f**3 + 76*f - 139. Determine d(4).
-27
Let s(r) = -1819*r**2 - 30931*r + 23. What is s(-17)?
159
Let i(v) = 370*v**2 + 6190*v - 1707. Determine i(-17).
-7
Let u(a) = 2*a**3 + 412*a**2 - 1083*a + 35753. Give u(-209).
14
Let x(t) = -345229*t + 51439116. Determine x(149).
-5
Let v(l) = 508*l + 11623. Calculate v(-28).
-2601
Let h(a) = 2*a**2 + 893*a - 877. Give h(1).
18
Let n(q) = 6639*q + 79663. Give n(-12).
-5
Let f(n) = -73*n - 942. Give f(-32).
1394
Let l(n) = -158*n + 2567. What is l(14)?
355
Let t(m) = -6*m**3 - 384*m**2 + 22*m + 814. Calculate t(-64).
-594
Let j(k) = -156*k + 22046. Calculate j(141).
50
Let o(b) = 3*b**3 - 5*b**2 - 4210*b + 21029. Determine o(5).
229
Let w(r) = -r**2 + 39607*r - 1740783. Calculate w(44).
-11
Let k(o) = -2*o**2 - 267*o + 201. Give k(0).
201
Let d(p) = p**3 - 289*p**2 + 304*p - 4639. Calculate d(288).
-31
Let f(d) = 12635*d + 126389. Give f(-10).
39
Let q(j) = 138*j**3 + 6*j**2 - 72*j - 78. Determine q(-1).
-138
Let q(c) = -c**3 - 193*c**2 - 1480*c - 996. What is q(-185)?
-996
Let y(g) = 168*g + 10072. Determine y(-58).
328
Let y(d) = d**3 + 265*d**2 - 2172*d + 1359. Determine y(-273).
-1917
Let d(b) = 132*b**2 + 13171*b - 2903. What is d(-100)?
-3
Let q(p) = -p**3 - 264*p**2 + 1918*p + 1. Give q(7).
148
Let g(i) = -4*i**3 + 2*i**2 + 7372*i - 14740. Determine g(2).
-20
Let d(k) = 113*k**3 - 3*k**2 - 458*k + 908. Calculate d(2).
884
Let d(i) = i**3 - 2*i**2 - 94*i + 75. Determine d(-10).
-185
Let n(y) = -y**3 + 86*y**2 + 338*y + 51. Give n(90).
-1929
Let q(j) = j**2 - 1953*j - 27505. Give q(-14).
33
Let j(l) = l**3 + 36*l**2 + 140*l - 3308. What is j(-25)?
67
Let s(n) = 9*n**3 + 391*n**2 + 51*n - 18. Calculate s(-43).
5185
Let x(q) = -24744*q - 172192. Give x(-7).
1016
Let t(y) = -9532*y + 10647253. Determine t(1117).
9
Let d(m) = 168*m**2 + 21851*m + 1442. What is d(-130)?
12
Let r(b) = -27*b**2 - 78*b + 696. Calculate r(-9).
-789
Let g(s) = 2*s**2 + 266*s + 4310. Determine g(-114).
-22
Let p(v) = -v**3 - 30*v**2 + 931*v + 26925. Determine p(-26).
15
Let i(q) = -24*q**2 - 41925*q - 292294. What is i(-7)?
5
Let f(s) = -10*s**3 + 308*s**2 + 98*s - 408. Determine f(1).
-12
Let g(f) = -f**2 + 4243*f - 287816. Determine g(69).
190
Let x(z) = 39*z - 1424. Calculate x(3).
-1307
Let u(m) = m**3 + 22*m**2 - 577*m - 12815. Calculate u(-23).
-73
Let u(k) = k**2 - 362*k - 39143. What is u(-87)?
-80
Let n(k) = 2*k**3 - 47*k**2 - 61*k + 217. Determine n(-3).
-77
Let j(o) = 4*o**2 - 552*o - 13362. What is j(159)?
-6
Let r(z) = -2*z**3 - 65*z**2 + 971*z + 43. Determine r(11).
197
Let w(d) = 3*d**3 + 1397*d**2 + 8246*d - 73. What is w(-6)?
95
Let b(r) = -381*r - 5907. Calculate b(-12).
-1335
Let s(c) = 45924*c - 1469553. Calculate s(32).
15
Let k(a) = 19*a**3 - 2*a**2 - 6*a + 1847. Give k(0).
1847
Let i(o) = -2*o**3 + 176*o**2 + 133*o + 20406. What is i(90)?
-24
Let u(f) = 1662*f + 706349. Determine u(-425).
-1
Let b(x) = 60*x + 1226. What is b(-18)?
146
Let f(v) = -42*v**2 - 5248*v + 302. Give f(-125).
52
Let l(o) = -3*o**2 + 466*o + 46610. Calculate l(-69).
173
Let w(l) = 3*l**3 + 30*l**2 - 3950*l - 39279. Determine w(-10).
221
Let k(x) = x**3 - 25*x**2 + 179*x - 285.